lions digit of 919119445?
1
What is the ten millions digit of 202887092?
0
What is the millions digit of 50663534?
0
What is the tens digit of 619083921?
2
What is the units digit of 82352425?
5
What is the thousands digit of 62902773?
2
What is the tens digit of 135840538?
3
What is the ten thousands digit of 46444211?
4
What is the hundreds digit of 66609864?
8
What is the thousands digit of 88148977?
8
What is the tens digit of 2662231782?
8
What is the thousands digit of 68461116?
1
What is the ten thousands digit of 156151177?
5
What is the thousands digit of 40953784?
3
What is the billions digit of 2922781975?
2
What is the units digit of 73625918?
8
What is the ten thousands digit of 108657755?
5
What is the units digit of 69254636?
6
What is the ten thousands digit of 1764976?
6
What is the thousands digit of 458772696?
2
What is the ten thousands digit of 34208591?
0
What is the millions digit of 229259316?
9
What is the hundreds digit of 45347894?
8
What is the millions digit of 92569569?
2
What is the units digit of 692841422?
2
What is the units digit of 269110646?
6
What is the hundreds digit of 110421621?
6
What is the ten thousands digit of 226395441?
9
What is the ten thousands digit of 196440826?
4
What is the tens digit of 47762061?
6
What is the ten millions digit of 47099946?
4
What is the units digit of 897678558?
8
What is the hundred thousands digit of 1089832443?
8
What is the hundred thousands digit of 328140931?
1
What is the millions digit of 181819103?
1
What is the millions digit of 900826798?
0
What is the hundred millions digit of 207343202?
2
What is the units digit of 208965092?
2
What is the millions digit of 308992450?
8
What is the millions digit of 150087647?
0
What is the thousands digit of 2707539365?
9
What is the units digit of 1565531851?
1
What is the thousands digit of 2052217756?
7
What is the hundred thousands digit of 493949750?
9
What is the ten thousands digit of 153131520?
3
What is the hundred millions digit of 169452874?
1
What is the tens digit of 152790289?
8
What is the tens digit of 1987358528?
2
What is the ten millions digit of 165727769?
6
What is the thousands digit of 46380210?
0
What is the hundreds digit of 1233976109?
1
What is the thousands digit of 572445302?
5
What is the hundred thousands digit of 25912869?
9
What is the hundred thousands digit of 957191892?
1
What is the ten thousands digit of 661249423?
4
What is the hundreds digit of 322025632?
6
What is the millions digit of 1608759914?
8
What is the thousands digit of 1657467945?
7
What is the hundred thousands digit of 79323458?
3
What is the hundreds digit of 27851777?
7
What is the units digit of 35208967?
7
What is the thousands digit of 73293367?
3
What is the ten thousands digit of 40098268?
9
What is the tens digit of 1085275558?
5
What is the thousands digit of 19990759?
0
What is the millions digit of 1315755367?
5
What is the units digit of 342537014?
4
What is the units digit of 162508362?
2
What is the hundred thousands digit of 1311847868?
8
What is the hundred millions digit of 1184619690?
1
What is the hundreds digit of 7412507?
5
What is the hundreds digit of 41833334?
3
What is the hundreds digit of 25535992?
9
What is the thousands digit of 94449829?
9
What is the ten millions digit of 58383445?
5
What is the hundred thousands digit of 382235736?
2
What is the units digit of 18368117?
7
What is the ten thousands digit of 88585101?
8
What is the billions digit of 4369345025?
4
What is the hundred millions digit of 1516727822?
5
What is the thousands digit of 14173157?
3
What is the units digit of 4988151360?
0
What is the tens digit of 2128868250?
5
What is the hundred millions digit of 354528320?
3
What is the hundred millions digit of 410650346?
4
What is the hundreds digit of 1847459176?
1
What is the hundred thousands digit of 224771163?
7
What is the hundred millions digit of 289587881?
2
What is the hundred thousands digit of 27580660?
5
What is the hundred millions digit of 5194794368?
1
What is the hundred thousands digit of 127985314?
9
What is the hundred thousands digit of 67552041?
5
What is the hundreds digit of 161700297?
2
What is the thousands digit of 45444540?
4
What is the ten thousands digit of 232247514?
4
What is the tens digit of 944315623?
2
What is the hundred thousands digit of 70250468?
2
What is the thousands digit of 1763080504?
0
What is the ten thousands digit of 1796239543?
3
What is the ten thousands digit of 110444820?
4
What is the millions digit of 421887218?
1
What is the millions digit of 555106605?
5
What is the hundreds digit of 6333792597?
5
What is the units digit of 46315394?
4
What is the billions digit of 4308889743?
4
What is the hundred thousands digit of 565592249?
5
What is the tens digit of 934461952?
5
What is the tens digit of 36416524?
2
What is the tens digit of 83093549?
4
What is the hundred thousands digit of 7969027517?
0
What is the tens digit of 47064690?
9
What is the units digit of 3095851508?
8
What is the units digit of 783088889?
9
What is the millions digit of 70172579?
0
What is the hundred millions digit of 409143598?
4
What is the units digit of 42274452?
2
What is the ten thousands digit of 2842600002?
0
What is the thousands digit of 458865716?
5
What is the units digit of 2062628466?
6
What is the thousands digit of 1170365883?
5
What is the ten millions digit of 4632811415?
3
What is the millions digit of 18249250?
8
What is the hundreds digit of 57584587?
5
What is the units digit of 1828391596?
6
What is the ten thousands digit of 90204221?
0
What is the thousands digit of 89610224?
0
What is the hundreds digit of 943991617?
6
What is the hundred millions digit of 448677208?
4
What is the tens digit of 860190365?
6
What is the tens digit of 1680661162?
6
What is the units digit of 2929220611?
1
What is the tens digit of 2092851555?
5
What is the hundred thousands digit of 720577233?
5
What is the thousands digit of 3719357223?
7
What is the units digit of 4052253659?
9
What is the hundreds digit of 99816651?
6
What is the hundreds digit of 22930395?
3
What is the ten millions digit of 66064181?
6
What is the ten millions digit of 87227970?
8
What is the tens digit of 73100471?
7
What is the millions digit of 42997304?
2
What is the hundreds digit of 161052174?
1
What is the millions digit of 49247313?
9
What is the millions digit of 2461248?
2
What is the hundreds digit of 572016393?
3
What is the hundred thousands digit of 358895672?
8
What is the millions digit of 95548540?
5
What is the tens digit of 386097879?
7
What is the millions digit of 5588831836?
8
What is the units digit of 414170398?
8
What is the hundreds digit of 1392786077?
0
What is the hundreds digit of 123593341?
3
What is the millions digit of 7068614?
7
What is the hundred millions digit of 641792334?
6
What is the ten millions digit of 38333961?
3
What is the units digit of 934307969?
9
What is the hundred thousands digit of 909678941?
6
What is the ten millions digit of 272523182?
7
What is the ten millions digit of 269855580?
6
What is the hundred millions digit of 517306994?
5
What is the units digit of 2154213420?
0
What is the ten millions digit of 258971253?
5
What is the thousands digit of 691596379?
6
What is the ten thousands digit of 1205888434?
8
What is the billions digit of 1582161839?
1
What is the hundreds digit of 3349614465?
4
What is the ten thousands digit of 243705746?
0
What is the millions digit of 291847582?
1
What is the hundred millions digit of 374344079?
3
What is the tens digit of 562687486?
8
What is the hundred thousands digit of 2461703?
4
What is the hundred thousands digit of 689494311?
4
What is the hundred millions digit of 106672013?
1
What is the hundred thousands digit of 57999019?
9
What is the ten thousands digit of 2097545?
9
What is the ten thousands digit of 6959116772?
1
What is the hundred thousands digit of 190933706?
9
What is the ten thousands digit of 327175872?
7
What is the tens digit of 2540221574?
7
What is the units digit of 172138143?
3
What is the millions digit of 1892584288?
2
What is the hundreds digit of 157307441?
4
What is the ten millions digit of 68756443?
6
What is the hundreds digit of 264